{"id":15,"date":"2021-10-18T10:26:17","date_gmt":"2021-10-18T10:26:17","guid":{"rendered":"https:\/\/www.ebi.ac.uk\/about\/clusters\/administration\/home\/"},"modified":"2025-03-04T11:39:00","modified_gmt":"2025-03-04T11:39:00","slug":"home","status":"publish","type":"page","link":"https:\/\/www.ebi.ac.uk\/about\/clusters\/administration\/","title":{"rendered":"Home"},"content":{"rendered":"<div class=\"vf-grid vf-grid__col-3 | vf-u-margin__bottom--800\">\n      <div class=\"vf-grid__col--span-2\">\n      <div class=\"vf-content-hub-html\">\n  <!-- Generated by: http:\/\/content.embl.org\/api\/v1\/pattern.html?filter-content-type=profiles&amp;filter-uuid=4b8b3ed7-176d-4895-b2b5-2d856c0640ef&amp;pattern=node-teaser -->\n      <div data-embl-js-conditional-edit=\"149822\">\n              <h1 class=\"vf-lede\">Maintaining the infrastructure of the institute for staff and the wider scientific community.<\/p>\r\n\n            <a class=\"vf-text vf-text--body-r vf-link embl-conditional-edit\" rel=\"noopener noreferrer nofollow\" href=\"\/node\/149822\" target=\"_blank\">Edit<\/a>\n    <\/div>\n  <\/div>\n    <\/div>\n      <div >\n\n<!-- <style>\n  .vf-content-hub-html {\n    --vf-stack-margin--custom: unset !important;\n  }\n<\/style> -->\n\n    <div class=\"vf-content-hub-html vf-stack vf-stack--600\" data-cache=\"c3c50488\">\n      <!-- Generated by: http:\/\/content.embl.org\/api\/v1\/pattern.html?filter-content-type=person&amp;filter-field-value%5Bfield_person_positions.entity.field_position_membership%5D=leader&amp;filter-field-value%5Bfield_person_positions.entity.field_position_team.entity.field_foreignid%5D=218&amp;filter-ref-entity%5Bfield_person_positions%5D%5Btitle%5D=&amp;filter-ref-entity%5Bfield_person_positions%5D%5Bfield_position_primary%5D=1&amp;hide%5Bteam%2Cmobile%2Cphones%5D=1&amp;limit=5&amp;pattern=vf-profile-inline&amp;sort-field-value%5Bchanged%5D=DESC -->\n                \n                            <article class=\"vf-profile vf-profile--very-easy vf-profile--medium vf-profile--inline\" data-embl-js-conditional-edit=\"79756\">\n              <img decoding=\"async\" class=\"vf-profile__image\" src=\"https:\/\/content.embl.org\/\/sites\/default\/files\/styles\/medium\/public\/persons\/CP-60028806.jpg?itok=ILuPEx3E\" alt=\"image of Rachel Curran\" \/>\n      \n              <h3 class=\"vf-profile__title\">\n                      <a href=\"https:\/\/www.ebi.ac.uk\/people\/person\/rachel-curran\" class=\"vf-profile__link\">Rachel Curran<\/a>\n                  <\/h3>\n      \n              <p class=\"vf-profile__job-title\">\n          Deputy Chief Operating Officer &amp; Head of EMBL-EBI Administration &amp; Operations\n        <\/p>\n      \n      \n      \n              \n                  <p class=\"vf-profile__email | vf-u-last-item\">\n            curran [at] ebi.ac.uk\n          <\/p>\n              \n      \n                                      \n            <a class=\"vf-text vf-text--body-r vf-link embl-conditional-edit\" rel=\"noopener noreferrer nofollow\" href=\"\/node\/79756\/79756\" target=\"_blank\">\n        Edit\n      <\/a>\n    <\/article>\n  <\/div>\n\n  <\/div>\n<\/div>\n\n\n\n  <div class=\"embl-grid embl-grid--has-centered-content | vf-u-margin__top--800\">\n          <div class=\"vf-section-header\">\n        <h2 class=\"vf-section-header__heading\">\n          <a class=\"vf-section-header__heading vf-section-header__heading--is-link\" \n             href=\"https:\/\/www.embl.org\/jobs\" \n             id=\"section-link\">\n            Latest jobs            <svg aria-hidden=\"true\" \n                 class=\"vf-section-header__icon | vf-icon vf-icon-arrow--inline-end\" \n                 width=\"24\" height=\"24\" xmlns=\"http:\/\/www.w3.org\/2000\/svg\">\n              <path d=\"M0 12c0 6.627 5.373 12 12 12s12-5.373 12-12S18.627 0 12 0C5.376.008.008 5.376 0 12zm13.707-5.209l4.5 4.5a1 1 0 010 1.414l-4.5 4.5a1 1 0 01-1.414-1.414l2.366-2.367a.25.25 0 00-.177-.424H6a1 1 0 010-2h8.482a.25.25 0 00.177-.427l-2.366-2.368a1 1 0 011.414-1.414z\" \n                    fill=\"\" fill-rule=\"nonzero\"><\/path>\n            <\/svg>\n          <\/a>\n        <\/h2>\n      <\/div>\n        <div>\n<div class=\"vf-content-hub-html\" data-cache=\"72c5d39a\">\n  <!-- Generated by: http:\/\/content.embl.org\/api\/v1\/pattern.html?filter-content-type=jobs&amp;limit=2&amp;pattern=vf-jobs-snippet&amp;sort-field-value%5Bcreated%5D=DESC -->\n      <article class=\"vf-summary vf-summary--job\" data-embl-js-conditional-edit=\"1868291\">\n            <h3 class=\"vf-summary__title\">\n        <a href=\"https:\/\/embl.wd103.myworkdayjobs.com\/EMBL\/job\/Heidelberg\/Junior-Cook_JR2297\" class=\"vf-summary__link\">Koch (m\/w\/d)<\/a>\n    <\/h3>\n                    <p class=\"vf-summary__meta\">\n\n          Administrative and support in <a href=\"\/\/www.embl.org\/sites\" class=\"vf-summary__link\">EMBL Heidelberg<\/a>\n          \n        <\/p>\n                            <p class=\"vf-summary__text\">\n          Das Europ\u00e4ische Laboratorium f\u00fcr Molekularbiologie (EMBL) ist eine der weltweit f\u00fchrenden Forschungseinrichtungen. Das Hauptlaboratorium in Heidelberg besch\u00e4ftigt ca. 2000 Mitarbeiter. Von dem betriebseigenen Restaurant am Hauptstandort des EMBL werden t\u00e4glich ca. 800 Mahlzeiten f\u00fcr Mitarbeiter und&#8230;\n        <\/p>\n                    <p class=\"vf-summary__date\">\n          <span class=\"date-days-remaining\" data-datetime=\"1780095600\" data-timezone=\"Europe\/Berlin\">\n            Closes on <span>30th May.<\/span>\n          <\/span>\n                      Posted 30th April 2026\n                  <\/p>\n            <a class=\"vf-text vf-text--body-r vf-link embl-conditional-edit\" rel=\"noopener noreferrer nofollow\" href=\"\/node\/1868291\" target=\"_blank\">Edit<\/a>\n\n    <\/article>\n      <article class=\"vf-summary vf-summary--job\" data-embl-js-conditional-edit=\"1857575\">\n            <h3 class=\"vf-summary__title\">\n        <a href=\"https:\/\/embl.wd103.myworkdayjobs.com\/EMBL\/job\/Hinxton-Cambridgeshire\/Deputy-Head-of-EMBL-EBI-Communications_JR1691\" class=\"vf-summary__link\">Communications Lead, EMBL-EBI<\/a>\n    <\/h3>\n                    <p class=\"vf-summary__meta\">\n\n          Administrative and support in <a href=\"\/\/www.ebi.ac.uk\/\" class=\"vf-summary__link\">EMBL-EBI Hinxton<\/a>\n          \n        <\/p>\n                            <p class=\"vf-summary__text\">\n          About EMBL-EBIEMBL\u2019s European Bioinformatics Institute (EMBL-EBI) helps scientists realise the potential of big data in biology, enabling them to exploit complex information to make discoveries and find solutions for global challenges, such as infectious disease, food insecurity or the biodiversity&#8230;\n        <\/p>\n                    <p class=\"vf-summary__date\">\n          <span class=\"date-days-remaining\" data-datetime=\"1779145200\" data-timezone=\"Europe\/Berlin\">\n            Closes on <span>19th May.<\/span>\n          <\/span>\n                      Posted 28th April 2026\n                  <\/p>\n            <a class=\"vf-text vf-text--body-r vf-link embl-conditional-edit\" rel=\"noopener noreferrer nofollow\" href=\"\/node\/1857575\" target=\"_blank\">Edit<\/a>\n\n    <\/article>\n  <\/div>\n\n<\/div>\n<\/div>\n\n\n","protected":false},"excerpt":{"rendered":"","protected":false},"author":1,"featured_media":0,"parent":0,"menu_order":0,"comment_status":"closed","ping_status":"closed","template":"","meta":{"_acf_changed":false,"footnotes":""},"embl_taxonomy":[],"class_list":["post-15","page","type-page","status-publish","hentry"],"acf":[],"embl_taxonomy_terms":[],"_links":{"self":[{"href":"https:\/\/www.ebi.ac.uk\/about\/clusters\/administration\/wp-json\/wp\/v2\/pages\/15","targetHints":{"allow":["GET"]}}],"collection":[{"href":"https:\/\/www.ebi.ac.uk\/about\/clusters\/administration\/wp-json\/wp\/v2\/pages"}],"about":[{"href":"https:\/\/www.ebi.ac.uk\/about\/clusters\/administration\/wp-json\/wp\/v2\/types\/page"}],"author":[{"embeddable":true,"href":"https:\/\/www.ebi.ac.uk\/about\/clusters\/administration\/wp-json\/wp\/v2\/users\/1"}],"replies":[{"embeddable":true,"href":"https:\/\/www.ebi.ac.uk\/about\/clusters\/administration\/wp-json\/wp\/v2\/comments?post=15"}],"version-history":[{"count":2,"href":"https:\/\/www.ebi.ac.uk\/about\/clusters\/administration\/wp-json\/wp\/v2\/pages\/15\/revisions"}],"predecessor-version":[{"id":8415,"href":"https:\/\/www.ebi.ac.uk\/about\/clusters\/administration\/wp-json\/wp\/v2\/pages\/15\/revisions\/8415"}],"wp:attachment":[{"href":"https:\/\/www.ebi.ac.uk\/about\/clusters\/administration\/wp-json\/wp\/v2\/media?parent=15"}],"wp:term":[{"taxonomy":"embl_taxonomy","embeddable":true,"href":"https:\/\/www.ebi.ac.uk\/about\/clusters\/administration\/wp-json\/wp\/v2\/embl_taxonomy?post=15"}],"curies":[{"name":"wp","href":"https:\/\/api.w.org\/{rel}","templated":true}]}}